digit of 6207538?
7
What is the units digit of 22608345?
5
What is the units digit of 289983?
3
What is the millions digit of 2975052?
2
What is the units digit of 585915?
5
What is the ten thousands digit of 1728008?
2
What is the units digit of 8340483?
3
What is the hundred thousands digit of 304727?
3
What is the hundreds digit of 3921627?
6
What is the millions digit of 1670914?
1
What is the hundreds digit of 327917?
9
What is the units digit of 33430?
0
What is the tens digit of 94047?
4
What is the hundreds digit of 218043?
0
What is the thousands digit of 5036624?
6
What is the ten thousands digit of 121081?
2
What is the hundreds digit of 6579663?
6
What is the hundred thousands digit of 434332?
4
What is the ten thousands digit of 231924?
3
What is the ten thousands digit of 3415302?
1
What is the hundreds digit of 222471?
4
What is the thousands digit of 949791?
9
What is the millions digit of 6872169?
6
What is the thousands digit of 3860400?
0
What is the hundreds digit of 34177446?
4
What is the hundreds digit of 6566144?
1
What is the units digit of 1284090?
0
What is the hundred thousands digit of 2522806?
5
What is the ten millions digit of 17880590?
1
What is the units digit of 40813713?
3
What is the ten millions digit of 15295162?
1
What is the tens digit of 3512140?
4
What is the hundred thousands digit of 2099259?
0
What is the ten thousands digit of 1339846?
3
What is the hundred thousands digit of 3556615?
5
What is the hundred thousands digit of 1505589?
5
What is the ten thousands digit of 258956?
5
What is the hundreds digit of 673742?
7
What is the millions digit of 1018348?
1
What is the hundreds digit of 348313?
3
What is the tens digit of 1201922?
2
What is the hundreds digit of 271460?
4
What is the tens digit of 1038598?
9
What is the ten thousands digit of 277831?
7
What is the ten millions digit of 24009248?
2
What is the units digit of 6268344?
4
What is the tens digit of 1205271?
7
What is the thousands digit of 1049521?
9
What is the hundreds digit of 2499442?
4
What is the ten thousands digit of 276411?
7
What is the tens digit of 1581484?
8
What is the units digit of 3104090?
0
What is the ten millions digit of 12110013?
1
What is the units digit of 939548?
8
What is the units digit of 430791?
1
What is the thousands digit of 845292?
5
What is the units digit of 9546751?
1
What is the thousands digit of 290649?
0
What is the units digit of 406975?
5
What is the hundred thousands digit of 1013472?
0
What is the thousands digit of 4515855?
5
What is the thousands digit of 1011726?
1
What is the units digit of 316172?
2
What is the ten thousands digit of 12842104?
4
What is the tens digit of 862732?
3
What is the hundreds digit of 3444754?
7
What is the tens digit of 1917?
1
What is the hundreds digit of 30816?
8
What is the hundreds digit of 267346?
3
What is the tens digit of 217361?
6
What is the hundreds digit of 32637517?
5
What is the tens digit of 80532?
3
What is the ten thousands digit of 203610?
0
What is the thousands digit of 66731?
6
What is the hundreds digit of 18762468?
4
What is the hundred thousands digit of 309413?
3
What is the thousands digit of 76063?
6
What is the hundred thousands digit of 3068031?
0
What is the tens digit of 2600549?
4
What is the thousands digit of 720683?
0
What is the thousands digit of 320136?
0
What is the hundreds digit of 163425?
4
What is the ten thousands digit of 2269906?
6
What is the ten thousands digit of 20608719?
0
What is the thousands digit of 373754?
3
What is the millions digit of 7225111?
7
What is the hundred thousands digit of 41173046?
1
What is the units digit of 10474666?
6
What is the tens digit of 46179?
7
What is the tens digit of 30866567?
6
What is the units digit of 196659?
9
What is the units digit of 15464?
4
What is the units digit of 18635?
5
What is the millions digit of 10301916?
0
What is the thousands digit of 437271?
7
What is the tens digit of 156810?
1
What is the ten thousands digit of 24856?
2
What is the hundred thousands digit of 355153?
3
What is the millions digit of 6071516?
6
What is the ten thousands digit of 6728365?
2
What is the units digit of 208693?
3
What is the ten thousands digit of 1036368?
3
What is the tens digit of 273768?
6
What is the hundred thousands digit of 744440?
7
What is the hundred thousands digit of 5302591?
3
What is the ten thousands digit of 262883?
6
What is the tens digit of 174327?
2
What is the thousands digit of 276826?
6
What is the tens digit of 1256098?
9
What is the hundreds digit of 11860316?
3
What is the thousands digit of 472321?
2
What is the tens digit of 685888?
8
What is the thousands digit of 9861168?
1
What is the hundreds digit of 6293257?
2
What is the ten millions digit of 20366501?
2
What is the thousands digit of 29510?
9
What is the ten thousands digit of 1070137?
7
What is the ten thousands digit of 5135703?
3
What is the ten thousands digit of 981102?
8
What is the ten thousands digit of 36096473?
9
What is the thousands digit of 14721?
4
What is the units digit of 36080255?
5
What is the hundreds digit of 3153518?
5
What is the tens digit of 38514?
1
What is the millions digit of 22569856?
2
What is the tens digit of 90714?
1
What is the millions digit of 1330453?
1
What is the units digit of 604815?
5
What is the tens digit of 499105?
0
What is the tens digit of 751093?
9
What is the hundreds digit of 1245643?
6
What is the hundred thousands digit of 6106976?
1
What is the millions digit of 2318434?
2
What is the millions digit of 3229726?
3
What is the tens digit of 504435?
3
What is the units digit of 9826?
6
What is the thousands digit of 840839?
0
What is the ten thousands digit of 379211?
7
What is the hundred thousands digit of 163979?
1
What is the thousands digit of 1249245?
9
What is the thousands digit of 696288?
6
What is the units digit of 683267?
7
What is the millions digit of 1732403?
1
What is the tens digit of 138202?
0
What is the millions digit of 7605153?
7
What is the hundreds digit of 464852?
8
What is the millions digit of 4154057?
4
What is the ten thousands digit of 410738?
1
What is the thousands digit of 3720241?
0
What is the tens digit of 190245?
4
What is the hundreds digit of 13810969?
9
What is the hundreds digit of 191960?
9
What is the hundreds digit of 812975?
9
What is the ten millions digit of 21028048?
2
What is the millions digit of 4077053?
4
What is the units digit of 289582?
2
What is the units digit of 120462?
2
What is the tens digit of 692322?
2
What is the hundreds digit of 60106?
1
What is the units digit of 1046979?
9
What is the ten thousands digit of 648272?
4
What is the hundred thousands digit of 22001229?
0
What is the tens digit of 52002?
0
What is the hundred thousands digit of 2544001?
5
What is the ten thousands digit of 1117047?
1
What is the hundred thousands digit of 6220020?
2
What is the hundred thousands digit of 10670227?
6
What is the ten thousands digit of 554450?
5
What is the thousands digit of 74050?
4
What is the hundreds digit of 1523370?
3
What is the ten thousands digit of 326856?
2
What is the hundred thousands digit of 413726?
4
What is the hundreds digit of 17003652?
6
What is the ten thousands digit of 201426?
0
What is the ten thousands digit of 5511640?
1
What is the thousands digit of 226777?
6
What is the ten thousands digit of 6045901?
4
What is the hundred thousands digit of 4501212?
5
What is the units digit of 17622?
2
What is the tens digit of 643876?
7
What is the hundreds digit of 332235?
2
What is the ten thousands digit of 2512822?
1
What is the units digit of 512970?
0
What is the units digit of 127040?
0
What is the hundreds digit of 500524?
5
What is the units digit of 1059345?
5
What is the hundred thousands digit of 276234?
2
What is the thousands digit of 2914815?
4
What is the hundreds digit of 299283?
2
What is the tens digit of 533083?
8
What is the hundred thousands digit of 248288?
2
What is the hundreds digit of 20502678?
6
What is the hundred thousands digit of 1959158?
9
What is the tens digit of 168984?
8
What is the millions digit of 8991882?
8
What is the tens digit of 8388?
8
What is the hundred thousands digit of 2337598?
3
What is the millions dig